0 and 17132364?
108
What is the highest common factor of 193472 and 8?
8
What is the highest common divisor of 8257431 and 49?
49
Calculate the highest common factor of 17280 and 226520064.
3456
What is the greatest common factor of 217107 and 198099?
297
Calculate the highest common divisor of 11284 and 732368.
364
Calculate the greatest common factor of 310 and 73589815.
155
Calculate the greatest common factor of 3943120 and 27232.
368
Calculate the greatest common factor of 1179 and 182137029.
393
Calculate the greatest common factor of 3744 and 736216.
104
Calculate the highest common divisor of 257 and 20053710.
257
What is the highest common factor of 1824220 and 13760?
20
Calculate the highest common divisor of 39342 and 979521.
237
What is the highest common divisor of 9190592 and 32?
32
Calculate the greatest common factor of 862265 and 10075.
155
Calculate the highest common factor of 1159306041 and 8313.
8313
What is the highest common divisor of 97342 and 4250?
34
What is the greatest common divisor of 651188718 and 21348?
10674
Calculate the highest common divisor of 14826 and 20055.
21
What is the greatest common factor of 7871624 and 133?
19
What is the highest common divisor of 108717 and 155589?
651
Calculate the greatest common divisor of 1621272 and 9468.
12
Calculate the greatest common divisor of 271648 and 1479712.
416
Calculate the highest common divisor of 669920244 and 84.
84
What is the highest common divisor of 9120 and 179700?
60
What is the greatest common divisor of 6358949 and 1532?
383
What is the highest common factor of 638170 and 12935?
65
What is the greatest common factor of 30 and 9324830?
10
What is the highest common factor of 2365176 and 9114?
186
What is the greatest common divisor of 21132 and 2200?
4
Calculate the greatest common divisor of 41845512 and 8.
8
What is the greatest common factor of 585434903 and 211?
211
Calculate the greatest common factor of 552610 and 91615.
365
Calculate the highest common factor of 71840250 and 30450.
4350
What is the greatest common divisor of 29728 and 60633972?
3716
What is the highest common divisor of 13981968 and 99?
99
Calculate the greatest common divisor of 41320620 and 2860.
220
What is the highest common factor of 7906 and 481853?
59
Calculate the highest common divisor of 7937375 and 12125.
125
Calculate the greatest common factor of 170936 and 38772744.
7432
Calculate the highest common divisor of 18914911 and 6046.
3023
What is the greatest common divisor of 25180 and 152450?
10
What is the highest common divisor of 339 and 266341?
113
Calculate the highest common divisor of 230338709 and 35545.
7109
What is the greatest common divisor of 202895 and 8568?
119
What is the highest common divisor of 4010286 and 210?
42
What is the highest common divisor of 1844 and 35548?
4
Calculate the highest common divisor of 123937 and 494.
19
What is the greatest common factor of 1119184 and 2508?
44
What is the highest common divisor of 93641962 and 4362?
1454
Calculate the highest common factor of 3102 and 49521362.
1034
What is the greatest common divisor of 838 and 2187338801?
419
What is the highest common divisor of 14939 and 10?
1
Calculate the highest common factor of 186 and 101581110.
186
What is the highest common factor of 2900 and 308531?
29
What is the highest common factor of 4259329 and 111?
37
Calculate the greatest common divisor of 5985 and 284193.
63
Calculate the greatest common factor of 22688826 and 9904.
1238
Calculate the highest common divisor of 2945480 and 540.
20
Calculate the greatest common factor of 74520 and 715576.
184
What is the highest common divisor of 11726099 and 968?
11
What is the greatest common divisor of 899 and 8065735?
31
Calculate the greatest common divisor of 600 and 102545600.
200
What is the greatest common factor of 244921 and 9616723?
953
Calculate the greatest common divisor of 3518564 and 1961.
53
What is the highest common factor of 3681202 and 42630?
406
What is the greatest common divisor of 105178370 and 330?
110
Calculate the highest common divisor of 415 and 226645.
5
What is the highest common factor of 219658095 and 1085?
155
What is the highest common divisor of 646 and 18810?
38
What is the greatest common factor of 102604 and 226546?
454
Calculate the greatest common divisor of 11436820 and 40.
20
What is the highest common factor of 32 and 1599304?
8
Calculate the greatest common divisor of 2117561028 and 786.
786
Calculate the highest common divisor of 50 and 109965575.
25
What is the greatest common factor of 547467 and 3?
3
What is the greatest common divisor of 3595229 and 41778?
2321
What is the greatest common divisor of 5244475 and 405802?
3439
What is the highest common factor of 33 and 181232073?
33
What is the greatest common divisor of 2372914 and 33578?
206
What is the highest common divisor of 3859488 and 4768?
32
What is the highest common factor of 122027310 and 41040?
5130
What is the highest common divisor of 24 and 5865556?
4
What is the highest common factor of 80178593 and 8954?
4477
Calculate the greatest common divisor of 1842650 and 2560.
10
Calculate the highest common divisor of 27071 and 5499461.
253
What is the highest common factor of 40824 and 101892?
84
What is the highest common factor of 61490 and 2494?
86
Calculate the highest common factor of 1795674 and 226.
2
Calculate the highest common divisor of 5244 and 321858366.
2622
What is the highest common divisor of 2 and 107561479?
1
Calculate the greatest common divisor of 8 and 18043632.
8
What is the highest common factor of 13144866 and 211218?
1974
Calculate the greatest common divisor of 180 and 17788536.
36
Calculate the highest common divisor of 6362097 and 56.
7
What is the greatest common divisor of 121 and 110629475?
11
What is the highest common divisor of 79240 and 461290?
2830
Calculate the highest common divisor of 343104 and 3208.
8
What is the highest common divisor of 154262 and 14409422?
1126
Calculate the highest common factor of 6892355 and 1975.
395
Calculate the highest common divisor of 12572751 and 10519.
67
Calculate the greatest common factor of 23534 and 3690.
82
Calculate the highest common divisor of 59384 and 154856.
104
Calculate the highest common factor of 70990 and 23870.
310
What is the greatest common divisor of 6194 and 57076?
38
Calculate the greatest common factor of 402767624 and 1976.
152
Calculate the highest common factor of 32077760 and 3380.
260
Calculate the greatest common factor of 1555 and 39677069.
311
Calculate the greatest common divisor of 6937983 and 23712.
741
What is the highest common factor of 4086268 and 1952?
244
What is the greatest common factor of 20590043 and 68?
17
Calculate the highest common factor of 47856 and 19.
1
What is the greatest common divisor of 10838594 and 136070?
2474
What is the greatest common factor of 2165119 and 183568?
1639
Calculate the greatest common factor of 2050673355 and 3645.
3645
Calculate the greatest common factor of 1530 and 8160510.
510
What is the greatest common divisor of 128579418 and 154?
22
What is the greatest common divisor of 195647 and 186903?
1093
What is the greatest common divisor of 783144 and 37668?
876
Calculate the highest common divisor of 12 and 115177746.
6
Calculate the highest common divisor of 44780183 and 2863.
2863
What is the highest common factor of 2520 and 7997640?
840
What is the highest common factor of 6108 and 82260508?
2036
What is the greatest common factor of 9321 and 11796801?
717
Calculate the greatest common divisor of 139602683 and 7359.
2453
What is the greatest common divisor of 547459380 and 2418?
2418
What is the greatest common factor of 3760328 and 328016?
1976
Calculate the highest common divisor of 63760214 and 227.
227
What is the highest common factor of 31721430 and 9780?
4890
What is the highest common divisor of 7289 and 44153216?
197
What is the greatest common factor of 236 and 240863724?
236
Calculate the greatest common factor of 18913997 and 902.
41
Calculate the greatest common divisor of 73472 and 22099.
287
What is the highest common divisor of 1045607004 and 144?
36
What is the greatest common divisor of 21030169 and 95?
19
What is the highest common fa